{"id":276,"date":"2023-01-03T15:55:58","date_gmt":"2023-01-03T15:55:58","guid":{"rendered":"http:\/\/widerklang.info\/?page_id=276"},"modified":"2023-06-09T14:58:22","modified_gmt":"2023-06-09T14:58:22","slug":"uyan-berkin-by-grup-yorum","status":"publish","type":"page","link":"https:\/\/widerklang.info\/en\/uyan-berkin-by-grup-yorum\/","title":{"rendered":"Uyan Berkin by Grup Yorum"},"content":{"rendered":"<h3 class=\"wp-block-heading\"><strong>Context:<\/strong><\/h3>\n\n\n\n<p>Berkin Elvan was a 15-year-old boy who was hit in the head by a police gas canister on June 16, 2013 &#8211; during the Gezi protests in Istanbul &#8211; while on his way to buy bread. After a 9-month coma, he died from his injuries<\/p>\n\n\n\n<p><\/p>\n\n\n\n<hr class=\"wp-block-separator has-alpha-channel-opacity is-style-wide\"\/>\n\n\n\n<p><\/p>\n\n\n\n<div class=\"wp-block-columns is-layout-flex wp-container-core-columns-is-layout-1 wp-block-columns-is-layout-flex\" style=\"padding-top:0;padding-right:0;padding-bottom:0;padding-left:0\">\n<div class=\"wp-block-column is-layout-flow wp-block-column-is-layout-flow\">\n<h3 class=\"wp-block-heading\"><strong>Original<\/strong><\/h3>\n\n\n\n<p>B\u0131y\u0131klar\u0131 yeni terlemi\u015f <br>Gen\u00e7 ya\u015f\u0131 tak\u0131l\u0131p kalm\u0131\u015f siyaha<br>Diren Berkin&#8217;im \u00e7ok var sabaha, \u00e7ok var<br>sabaha \u00e7ok var sabaha, diren<\/p>\n\n\n\n<p><strong>Uyan uyan uyan a Berkin&#8217;im uyan              Uyan uyan Berkin&#8217;im uyan<\/strong>                   <strong>Uyan Berkin&#8217;im uyan a Berkin&#8217;im uyan        Uyan uyan Berkin&#8217;im uyan<\/strong><\/p>\n\n\n\n<p>Eridi bedenin daha onbe\u015finde<br>D\u00fc\u015flerin sarar\u0131p soldu i\u00e7inde<br>Ekmek a\u00e7 kurtlar\u0131n tok di\u015flerinde, tok di\u015flerinde, tok di\u015flerinde, uyan<\/p>\n\n\n\n<p><strong>Uyan &#8230; <\/strong><\/p>\n\n\n\n<p>\u00d6l\u00fcm y\u00fcre\u011fine gelip kuruldu<br>Kara g\u00f6zlerini uyku doldurdu<br>Bir ana ba\u015f\u0131nda a\u011fland\u0131 durdu, a\u011fland\u0131 durdu, a\u011fland\u0131 durdu, dayan<\/p>\n\n\n\n<p><strong>Uyan &#8230; <\/strong><\/p>\n\n\n\n<p>Halk\u0131n ba\u011fr\u0131nda boy veren fidan<br>Yavrumuz oldun Berkin&#8217;im Elvan<br>Sorulur hesab\u0131n yar\u0131n do\u011fmadan, yar\u0131n do\u011fmadan, yar\u0131n do\u011fmadan, inan<\/p>\n\n\n\n<p><strong>Uyan &#8230; <\/strong>                 <\/p>\n<\/div>\n\n\n\n<div class=\"wp-block-column is-layout-flow wp-block-column-is-layout-flow\">\n<h3 class=\"wp-block-heading\"><strong>English translation<\/strong><\/h3>\n\n\n\n<p>His mustache incipiently grow                His young age stucked darks                 Resist Berkin there is much time for morning, much time for morning, resist<\/p>\n\n\n\n<p><strong>Wake up, wake up, wake up Berkin, wake up     Wake up, wake up, wake up Berkin, wake up     Wake up Berkin, wake up Berkin wake up      Wake up, wake up Berkin wake up<\/strong><\/p>\n\n\n\n<p>Your body has been melted while you          Your dreams has been withered in yourself    Hunger wolf&#8217;s full teeth has got a bread, in full teeth, in full teeth, wake up<\/p>\n\n\n\n<p><strong>Wake up<\/strong> &#8230;<\/p>\n\n\n\n<p>The death has set a place in your heart       Has set sleep in to your dark eyes         A mother has cryied next to your body, cryied, cryied, resist<\/p>\n\n\n\n<p><strong>Wake up<\/strong> &#8230;<\/p>\n\n\n\n<p>You&#8217;re a sapling into community&#8217;s heart      You&#8217;re our Berkin Elvan                     Your case will be done until the sun rise, until the sun rise, until the sun rise, believe<\/p>\n\n\n\n<p><strong>Wake up<\/strong> &#8230;<\/p>\n\n\n\n<p><\/p>\n<\/div>\n<\/div>\n\n\n\n<p><\/p>","protected":false},"excerpt":{"rendered":"<p>Context: Berkin Elvan was a 15-year-old boy who was hit in the head by a police gas canister on June 16, 2013 &#8211; during the Gezi protests in Istanbul &#8211; while on his way to buy bread. After a 9-month coma, he died from his injuries Original B\u0131y\u0131klar\u0131 yeni terlemi\u015f Gen\u00e7 ya\u015f\u0131 tak\u0131l\u0131p kalm\u0131\u015f siyahaDiren &hellip;<\/p>\n<p class=\"read-more\"> <a class=\"\" href=\"https:\/\/widerklang.info\/en\/uyan-berkin-by-grup-yorum\/\"> <span class=\"screen-reader-text\">Uyan Berkin by Grup Yorum<\/span> Read More &raquo;<\/a><\/p>","protected":false},"author":1,"featured_media":0,"parent":0,"menu_order":0,"comment_status":"closed","ping_status":"closed","template":"","meta":{"site-sidebar-layout":"default","site-content-layout":"default","ast-global-header-display":"","ast-main-header-display":"","ast-hfb-above-header-display":"","ast-hfb-below-header-display":"","ast-hfb-mobile-header-display":"","site-post-title":"","ast-breadcrumbs-content":"","ast-featured-img":"","footer-sml-layout":"","theme-transparent-header-meta":"","adv-header-id-meta":"","stick-header-meta":"","header-above-stick-meta":"","header-main-stick-meta":"","header-below-stick-meta":"","footnotes":""},"categories":[],"tags":[],"class_list":["post-276","page","type-page","status-publish","hentry"],"_links":{"self":[{"href":"https:\/\/widerklang.info\/en\/wp-json\/wp\/v2\/pages\/276","targetHints":{"allow":["GET"]}}],"collection":[{"href":"https:\/\/widerklang.info\/en\/wp-json\/wp\/v2\/pages"}],"about":[{"href":"https:\/\/widerklang.info\/en\/wp-json\/wp\/v2\/types\/page"}],"author":[{"embeddable":true,"href":"https:\/\/widerklang.info\/en\/wp-json\/wp\/v2\/users\/1"}],"replies":[{"embeddable":true,"href":"https:\/\/widerklang.info\/en\/wp-json\/wp\/v2\/comments?post=276"}],"version-history":[{"count":2,"href":"https:\/\/widerklang.info\/en\/wp-json\/wp\/v2\/pages\/276\/revisions"}],"predecessor-version":[{"id":645,"href":"https:\/\/widerklang.info\/en\/wp-json\/wp\/v2\/pages\/276\/revisions\/645"}],"wp:attachment":[{"href":"https:\/\/widerklang.info\/en\/wp-json\/wp\/v2\/media?parent=276"}],"wp:term":[{"taxonomy":"category","embeddable":true,"href":"https:\/\/widerklang.info\/en\/wp-json\/wp\/v2\/categories?post=276"},{"taxonomy":"post_tag","embeddable":true,"href":"https:\/\/widerklang.info\/en\/wp-json\/wp\/v2\/tags?post=276"}],"curies":[{"name":"wp","href":"https:\/\/api.w.org\/{rel}","templated":true}]}}

<h3 class="wp-block-heading"><strong>Context:</strong></h3>



<p>Berkin Elvan was a 15-year-old boy who was hit in the head by a police gas canister on June 16, 2013 &#8211; during the Gezi protests in Istanbul &#8211; while on his way to buy bread. After a 9-month coma, he died from his injuries</p>



<p></p>



<hr class="wp-block-separator has-alpha-channel-opacity is-style-wide"/>



<p></p>



<div class="wp-block-columns is-layout-flex wp-container-core-columns-is-layout-1 wp-block-columns-is-layout-flex" style="padding-top:0;padding-right:0;padding-bottom:0;padding-left:0">
<div class="wp-block-column is-layout-flow wp-block-column-is-layout-flow">
<h3 class="wp-block-heading"><strong>Original</strong></h3>



<p>Bıyıkları yeni terlemiş <br>Genç yaşı takılıp kalmış siyaha<br>Diren Berkin&#8217;im çok var sabaha, çok var<br>sabaha çok var sabaha, diren</p>



<p><strong>Uyan uyan uyan a Berkin&#8217;im uyan              Uyan uyan Berkin&#8217;im uyan</strong>                   <strong>Uyan Berkin&#8217;im uyan a Berkin&#8217;im uyan        Uyan uyan Berkin&#8217;im uyan</strong></p>



<p>Eridi bedenin daha onbeşinde<br>Düşlerin sararıp soldu içinde<br>Ekmek aç kurtların tok dişlerinde, tok dişlerinde, tok dişlerinde, uyan</p>



<p><strong>Uyan &#8230; </strong></p>



<p>Ölüm yüreğine gelip kuruldu<br>Kara gözlerini uyku doldurdu<br>Bir ana başında ağlandı durdu, ağlandı durdu, ağlandı durdu, dayan</p>



<p><strong>Uyan &#8230; </strong></p>



<p>Halkın bağrında boy veren fidan<br>Yavrumuz oldun Berkin&#8217;im Elvan<br>Sorulur hesabın yarın doğmadan, yarın doğmadan, yarın doğmadan, inan</p>



<p><strong>Uyan &#8230; </strong>                 </p>
</div>



<div class="wp-block-column is-layout-flow wp-block-column-is-layout-flow">
<h3 class="wp-block-heading"><strong>English translation</strong></h3>



<p>His mustache incipiently grow                His young age stucked darks                 Resist Berkin there is much time for morning, much time for morning, resist</p>



<p><strong>Wake up, wake up, wake up Berkin, wake up     Wake up, wake up, wake up Berkin, wake up     Wake up Berkin, wake up Berkin wake up      Wake up, wake up Berkin wake up</strong></p>



<p>Your body has been melted while you          Your dreams has been withered in yourself    Hunger wolf&#8217;s full teeth has got a bread, in full teeth, in full teeth, wake up</p>



<p><strong>Wake up</strong> &#8230;</p>



<p>The death has set a place in your heart       Has set sleep in to your dark eyes         A mother has cryied next to your body, cryied, cryied, resist</p>



<p><strong>Wake up</strong> &#8230;</p>



<p>You&#8217;re a sapling into community&#8217;s heart      You&#8217;re our Berkin Elvan                     Your case will be done until the sun rise, until the sun rise, until the sun rise, believe</p>



<p><strong>Wake up</strong> &#8230;</p>



<p></p>
</div>
</div>



<p></p>

<p>Context: Berkin Elvan was a 15-year-old boy who was hit in the head by a police gas canister on June 16, 2013 &#8211; during the Gezi protests in Istanbul &#8211; while on his way to buy bread. After a 9-month coma, he died from his injuries Original Bıyıkları yeni terlemiş Genç yaşı takılıp kalmış siyahaDiren &hellip;</p>
<p class="read-more"> <a class="" href="https://widerklang.info/en/uyan-berkin-by-grup-yorum/"> <span class="screen-reader-text">Uyan Berkin by Grup Yorum</span> Read More &raquo;</a></p>
